{"id":210893,"date":"2026-02-25T15:41:03","date_gmt":"2026-02-25T15:41:03","guid":{"rendered":"https:\/\/terrasses-amitie.be\/?page_id=210893"},"modified":"2026-02-25T16:07:10","modified_gmt":"2026-02-25T16:07:10","slug":"appartement-2e-etage-2","status":"publish","type":"page","link":"https:\/\/terrasses-amitie.be\/index.php\/appartement-2e-etage-2\/","title":{"rendered":"Appartement +2"},"content":{"rendered":"\t\t<div data-elementor-type=\"wp-page\" data-elementor-id=\"210893\" class=\"elementor elementor-210893\">\n\t\t\t\t<div class=\"elementor-element elementor-element-6041b01c e-con-full e-flex e-con e-parent\" data-id=\"6041b01c\" data-element_type=\"container\" data-settings=\"{&quot;background_background&quot;:&quot;slideshow&quot;,&quot;background_slideshow_gallery&quot;:[{&quot;id&quot;:210782,&quot;url&quot;:&quot;http:\\\/\\\/terrasses-amitie.be\\\/wp-content\\\/uploads\\\/2026\\\/02\\\/Generated-Image-October-14-2025-11_19PM-1.png&quot;},{&quot;id&quot;:210776,&quot;url&quot;:&quot;http:\\\/\\\/terrasses-amitie.be\\\/wp-content\\\/uploads\\\/2026\\\/02\\\/facade-avant.png&quot;},{&quot;id&quot;:210780,&quot;url&quot;:&quot;http:\\\/\\\/terrasses-amitie.be\\\/wp-content\\\/uploads\\\/2026\\\/02\\\/Generated-Image-September-19-2025-12_20AM-2.png&quot;}],&quot;background_slideshow_loop&quot;:&quot;yes&quot;,&quot;background_slideshow_slide_duration&quot;:5000,&quot;background_slideshow_slide_transition&quot;:&quot;fade&quot;,&quot;background_slideshow_transition_duration&quot;:500}\">\n\t\t\t\t<\/div>\n\t\t<div class=\"elementor-element elementor-element-43b69e17 e-flex e-con-boxed e-con e-parent\" data-id=\"43b69e17\" data-element_type=\"container\" data-settings=\"{&quot;background_background&quot;:&quot;classic&quot;}\">\n\t\t\t\t\t<div class=\"e-con-inner\">\n\t\t<div class=\"elementor-element elementor-element-6e8569c9 e-con-full e-flex e-con e-child\" data-id=\"6e8569c9\" data-element_type=\"container\">\n\t\t\t\t<div class=\"elementor-element elementor-element-493ceae2 elementor-widget elementor-widget-heading\" data-id=\"493ceae2\" data-element_type=\"widget\" data-widget_type=\"heading.default\">\n\t\t\t\t\t<h2 class=\"elementor-heading-title elementor-size-default\">Appartement 2 chambres avec balcon<\/h2>\t\t\t\t<\/div>\n\t\t\t\t<div class=\"elementor-element elementor-element-734cab99 elementor-widget elementor-widget-text-editor\" data-id=\"734cab99\" data-element_type=\"widget\" data-widget_type=\"text-editor.default\">\n\t\t\t\t\t\t\t\t\t<p>L&#8217;Appartement (\u00c9tage +2) : Un Cocon de Lumi\u00e8re et de Calme Id\u00e9al comme retraite urbaine sophistiqu\u00e9e ou comme pied-\u00e0-terre de prestige, cet appartement de 81 m\u00b2 au deuxi\u00e8me \u00e9tage est un mod\u00e8le d&#8217;optimisation de l&#8217;espace et de la lumi\u00e8re. Le plan a \u00e9t\u00e9 pens\u00e9 pour offrir une fluidit\u00e9 parfaite entre les pi\u00e8ces. L&#8217;espace de vie principal, avec sa cuisine ouverte enti\u00e8rement \u00e9quip\u00e9e, s&#8217;ouvre sur une agr\u00e9able terrasse orient\u00e9e plein sud de 2.5 m\u00b2, parfaite pour profiter du soleil. Les deux belles chambres de 15 m\u00b2 et 10 m\u00b2 offrent calme et confort. Cet appartement repr\u00e9sente un \u00e9quilibre parfait entre \u00e9l\u00e9gance, fonctionnalit\u00e9 et bien-\u00eatre.<\/p>\t\t\t\t\t\t\t\t<\/div>\n\t\t\t\t<\/div>\n\t\t\t\t\t<\/div>\n\t\t\t\t<\/div>\n\t\t<div class=\"elementor-element elementor-element-50aaa167 e-flex e-con-boxed e-con e-parent\" data-id=\"50aaa167\" data-element_type=\"container\">\n\t\t\t\t\t<div class=\"e-con-inner\">\n\t\t<div class=\"elementor-element elementor-element-2d053484 e-con-full e-flex e-con e-child\" data-id=\"2d053484\" data-element_type=\"container\">\n\t\t\t\t<div class=\"elementor-element elementor-element-4723ed4b elementor-widget elementor-widget-image\" data-id=\"4723ed4b\" data-element_type=\"widget\" data-widget_type=\"image.default\">\n\t\t\t\t\t\t\t\t\t\t\t\t\t\t\t<img fetchpriority=\"high\" fetchpriority=\"high\" decoding=\"async\" width=\"1024\" height=\"411\" src=\"https:\/\/terrasses-amitie.be\/wp-content\/uploads\/2026\/02\/2-1-1024x411.jpg\" class=\"attachment-large size-large wp-image-210865\" alt=\"\" srcset=\"https:\/\/terrasses-amitie.be\/wp-content\/uploads\/2026\/02\/2-1-1024x411.jpg 1024w, https:\/\/terrasses-amitie.be\/wp-content\/uploads\/2026\/02\/2-1-980x393.jpg 980w, https:\/\/terrasses-amitie.be\/wp-content\/uploads\/2026\/02\/2-1-480x193.jpg 480w\" sizes=\"(min-width: 0px) and (max-width: 480px) 480px, (min-width: 481px) and (max-width: 980px) 980px, (min-width: 981px) 1024px, 100vw\" \/>\t\t\t\t\t\t\t\t\t\t\t\t\t\t\t<\/div>\n\t\t\t\t<\/div>\n\t\t<div class=\"elementor-element elementor-element-1b5f9d09 e-con-full e-flex e-con e-child\" data-id=\"1b5f9d09\" data-element_type=\"container\">\n\t\t\t\t<div class=\"elementor-element elementor-element-2a54b478 elementor-widget elementor-widget-image\" data-id=\"2a54b478\" data-element_type=\"widget\" data-widget_type=\"image.default\">\n\t\t\t\t\t\t\t\t\t\t\t\t\t\t\t<img decoding=\"async\" width=\"1024\" height=\"411\" src=\"https:\/\/terrasses-amitie.be\/wp-content\/uploads\/2026\/02\/2-2-1024x411.jpg\" class=\"attachment-large size-large wp-image-210866\" alt=\"\" srcset=\"https:\/\/terrasses-amitie.be\/wp-content\/uploads\/2026\/02\/2-2-1024x411.jpg 1024w, https:\/\/terrasses-amitie.be\/wp-content\/uploads\/2026\/02\/2-2-980x393.jpg 980w, https:\/\/terrasses-amitie.be\/wp-content\/uploads\/2026\/02\/2-2-480x193.jpg 480w\" sizes=\"(min-width: 0px) and (max-width: 480px) 480px, (min-width: 481px) and (max-width: 980px) 980px, (min-width: 981px) 1024px, 100vw\" \/>\t\t\t\t\t\t\t\t\t\t\t\t\t\t\t<\/div>\n\t\t\t\t<\/div>\n\t\t<div class=\"elementor-element elementor-element-41c07991 e-con-full e-flex e-con e-child\" data-id=\"41c07991\" data-element_type=\"container\">\n\t\t\t\t<div class=\"elementor-element elementor-element-2ed3378e elementor-widget elementor-widget-image\" data-id=\"2ed3378e\" data-element_type=\"widget\" data-widget_type=\"image.default\">\n\t\t\t\t\t\t\t\t\t\t\t\t\t\t\t<img decoding=\"async\" width=\"1024\" height=\"411\" src=\"https:\/\/terrasses-amitie.be\/wp-content\/uploads\/2026\/02\/2-3-1024x411.jpg\" class=\"attachment-large size-large wp-image-210867\" alt=\"\" srcset=\"https:\/\/terrasses-amitie.be\/wp-content\/uploads\/2026\/02\/2-3-1024x411.jpg 1024w, https:\/\/terrasses-amitie.be\/wp-content\/uploads\/2026\/02\/2-3-980x393.jpg 980w, https:\/\/terrasses-amitie.be\/wp-content\/uploads\/2026\/02\/2-3-480x193.jpg 480w\" sizes=\"(min-width: 0px) and (max-width: 480px) 480px, (min-width: 481px) and (max-width: 980px) 980px, (min-width: 981px) 1024px, 100vw\" \/>\t\t\t\t\t\t\t\t\t\t\t\t\t\t\t<\/div>\n\t\t\t\t<\/div>\n\t\t\t\t\t<\/div>\n\t\t\t\t<\/div>\n\t\t<div class=\"elementor-element elementor-element-39dc6bec e-flex e-con-boxed e-con e-parent\" data-id=\"39dc6bec\" data-element_type=\"container\">\n\t\t\t\t\t<div class=\"e-con-inner\">\n\t\t\t\t<div class=\"elementor-element elementor-element-32487de7 elementor-widget elementor-widget-heading\" data-id=\"32487de7\" data-element_type=\"widget\" data-widget_type=\"heading.default\">\n\t\t\t\t\t<h2 class=\"elementor-heading-title elementor-size-default\">Disposition<\/h2>\t\t\t\t<\/div>\n\t\t\t\t<div class=\"elementor-element elementor-element-3c644496 elementor-widget elementor-widget-image\" data-id=\"3c644496\" data-element_type=\"widget\" data-widget_type=\"image.default\">\n\t\t\t\t\t\t\t\t\t\t\t\t\t\t\t<img loading=\"lazy\" loading=\"lazy\" decoding=\"async\" width=\"1507\" height=\"494\" src=\"https:\/\/terrasses-amitie.be\/wp-content\/uploads\/2025\/10\/elevations-2.jpg\" class=\"attachment-full size-full wp-image-210764\" alt=\"\" srcset=\"https:\/\/terrasses-amitie.be\/wp-content\/uploads\/2025\/10\/elevations-2.jpg 1507w, https:\/\/terrasses-amitie.be\/wp-content\/uploads\/2025\/10\/elevations-2-1280x420.jpg 1280w, https:\/\/terrasses-amitie.be\/wp-content\/uploads\/2025\/10\/elevations-2-980x321.jpg 980w, https:\/\/terrasses-amitie.be\/wp-content\/uploads\/2025\/10\/elevations-2-480x157.jpg 480w\" sizes=\"(min-width: 0px) and (max-width: 480px) 480px, (min-width: 481px) and (max-width: 980px) 980px, (min-width: 981px) and (max-width: 1280px) 1280px, (min-width: 1281px) 1507px, 100vw\" \/>\t\t\t\t\t\t\t\t\t\t\t\t\t\t\t<\/div>\n\t\t\t\t<div class=\"elementor-element elementor-element-4f15d125 elementor-widget elementor-widget-heading\" data-id=\"4f15d125\" data-element_type=\"widget\" data-widget_type=\"heading.default\">\n\t\t\t\t\t<h2 class=\"elementor-heading-title elementor-size-default\">Plan du deuxi\u00e8me \u00e9tage<\/h2>\t\t\t\t<\/div>\n\t\t\t\t<div class=\"elementor-element elementor-element-714bb836 elementor-widget elementor-widget-image\" data-id=\"714bb836\" data-element_type=\"widget\" data-widget_type=\"image.default\">\n\t\t\t\t\t\t\t\t\t\t\t\t\t\t\t<img loading=\"lazy\" loading=\"lazy\" decoding=\"async\" width=\"1507\" height=\"434\" src=\"https:\/\/terrasses-amitie.be\/wp-content\/uploads\/2025\/10\/deuxieme-1.jpg\" class=\"attachment-full size-full wp-image-210758\" alt=\"\" srcset=\"https:\/\/terrasses-amitie.be\/wp-content\/uploads\/2025\/10\/deuxieme-1.jpg 1507w, https:\/\/terrasses-amitie.be\/wp-content\/uploads\/2025\/10\/deuxieme-1-1280x369.jpg 1280w, https:\/\/terrasses-amitie.be\/wp-content\/uploads\/2025\/10\/deuxieme-1-980x282.jpg 980w, https:\/\/terrasses-amitie.be\/wp-content\/uploads\/2025\/10\/deuxieme-1-480x138.jpg 480w\" sizes=\"(min-width: 0px) and (max-width: 480px) 480px, (min-width: 481px) and (max-width: 980px) 980px, (min-width: 981px) and (max-width: 1280px) 1280px, (min-width: 1281px) 1507px, 100vw\" \/>\t\t\t\t\t\t\t\t\t\t\t\t\t\t\t<\/div>\n\t\t\t\t<div class=\"elementor-element elementor-element-42318757 elementor-widget elementor-widget-heading\" data-id=\"42318757\" data-element_type=\"widget\" data-widget_type=\"heading.default\">\n\t\t\t\t\t<h2 class=\"elementor-heading-title elementor-size-default\">Plan des caves<\/h2>\t\t\t\t<\/div>\n\t\t\t\t<div class=\"elementor-element elementor-element-2d9b5b26 elementor-widget elementor-widget-image\" data-id=\"2d9b5b26\" data-element_type=\"widget\" data-widget_type=\"image.default\">\n\t\t\t\t\t\t\t\t\t\t\t\t\t\t\t<img loading=\"lazy\" loading=\"lazy\" decoding=\"async\" width=\"1507\" height=\"438\" src=\"https:\/\/terrasses-amitie.be\/wp-content\/uploads\/2025\/10\/cave-2-1.jpg\" class=\"attachment-full size-full wp-image-210767\" alt=\"\" srcset=\"https:\/\/terrasses-amitie.be\/wp-content\/uploads\/2025\/10\/cave-2-1.jpg 1507w, https:\/\/terrasses-amitie.be\/wp-content\/uploads\/2025\/10\/cave-2-1-1280x372.jpg 1280w, https:\/\/terrasses-amitie.be\/wp-content\/uploads\/2025\/10\/cave-2-1-980x285.jpg 980w, https:\/\/terrasses-amitie.be\/wp-content\/uploads\/2025\/10\/cave-2-1-480x140.jpg 480w\" sizes=\"(min-width: 0px) and (max-width: 480px) 480px, (min-width: 481px) and (max-width: 980px) 980px, (min-width: 981px) and (max-width: 1280px) 1280px, (min-width: 1281px) 1507px, 100vw\" \/>\t\t\t\t\t\t\t\t\t\t\t\t\t\t\t<\/div>\n\t\t\t\t\t<\/div>\n\t\t\t\t<\/div>\n\t\t<div class=\"elementor-element elementor-element-572c51e4 e-flex e-con-boxed e-con e-parent\" data-id=\"572c51e4\" data-element_type=\"container\" data-settings=\"{&quot;background_background&quot;:&quot;gradient&quot;}\">\n\t\t\t\t\t<div class=\"e-con-inner\">\n\t\t\t\t<div class=\"elementor-element elementor-element-46add463 elementor-align-center elementor-widget elementor-widget-button\" data-id=\"46add463\" data-element_type=\"widget\" data-widget_type=\"button.default\">\n\t\t\t\t\t\t\t\t\t\t<a class=\"elementor-button elementor-button-link elementor-size-sm elementor-animation-grow\" href=\"http:\/\/terrasses-amitie.be\/wp-content\/uploads\/2026\/02\/Plans-de-vente.pdf\" target=\"_blank\">\n\t\t\t\t\t\t<span class=\"elementor-button-content-wrapper\">\n\t\t\t\t\t\t\t\t\t<span class=\"elementor-button-text\">T\u00e9l\u00e9chargez notre brochure<\/span>\n\t\t\t\t\t<\/span>\n\t\t\t\t\t<\/a>\n\t\t\t\t\t\t\t\t<\/div>\n\t\t\t\t\t<\/div>\n\t\t\t\t<\/div>\n\t\t<div class=\"elementor-element elementor-element-3c08ad50 e-flex e-con-boxed e-con e-parent\" data-id=\"3c08ad50\" data-element_type=\"container\">\n\t\t\t\t\t<div class=\"e-con-inner\">\n\t\t\t\t<div class=\"elementor-element elementor-element-5b7e6c9 elementor-widget-divider--view-line elementor-widget elementor-widget-divider\" data-id=\"5b7e6c9\" data-element_type=\"widget\" data-widget_type=\"divider.default\">\n\t\t\t\t\t\t\t<div class=\"elementor-divider\">\n\t\t\t<span class=\"elementor-divider-separator\">\n\t\t\t\t\t\t<\/span>\n\t\t<\/div>\n\t\t\t\t\t\t<\/div>\n\t\t\t\t<div class=\"elementor-element elementor-element-7f24c106 elementor-widget elementor-widget-heading\" data-id=\"7f24c106\" data-element_type=\"widget\" data-widget_type=\"heading.default\">\n\t\t\t\t\t<h2 class=\"elementor-heading-title elementor-size-default\">Contactez-nous<\/h2>\t\t\t\t<\/div>\n\t\t\t\t<div class=\"elementor-element elementor-element-49b04a6e elementor-widget elementor-widget-text-editor\" data-id=\"49b04a6e\" data-element_type=\"widget\" data-widget_type=\"text-editor.default\">\n\t\t\t\t\t\t\t\t\t<p style=\"text-align: center;\">Pour toute question ou demande d&#8217;information, n&#8217;h\u00e9sitez pas \u00e0 nous contacter par t\u00e9l\u00e9phone ou par email.<\/p>\t\t\t\t\t\t\t\t<\/div>\n\t\t\t\t\t<\/div>\n\t\t\t\t<\/div>\n\t\t<div class=\"elementor-element elementor-element-58722e42 e-flex e-con-boxed e-con e-parent\" data-id=\"58722e42\" data-element_type=\"container\">\n\t\t\t\t\t<div class=\"e-con-inner\">\n\t\t<div class=\"elementor-element elementor-element-e7925e e-flex e-con-boxed e-con e-child\" data-id=\"e7925e\" data-element_type=\"container\">\n\t\t\t\t\t<div class=\"e-con-inner\">\n\t\t\t\t<div class=\"elementor-element elementor-element-7470eae7 elementor-widget elementor-widget-image\" data-id=\"7470eae7\" data-element_type=\"widget\" data-widget_type=\"image.default\">\n\t\t\t\t\t\t\t\t\t\t\t\t\t\t\t\t<a href=\"https:\/\/www.valdelimmo.be\/fr\/\" target=\"_blank\">\n\t\t\t\t\t\t\t<img loading=\"lazy\" loading=\"lazy\" decoding=\"async\" width=\"300\" height=\"286\" src=\"https:\/\/terrasses-amitie.be\/wp-content\/uploads\/2026\/02\/Valdel-immo-300x286.png\" class=\"attachment-medium size-medium wp-image-210788\" alt=\"\" \/>\t\t\t\t\t\t\t\t<\/a>\n\t\t\t\t\t\t\t\t\t\t\t\t\t\t\t<\/div>\n\t\t\t\t<div class=\"elementor-element elementor-element-38e06a59 elementor-widget elementor-widget-heading\" data-id=\"38e06a59\" data-element_type=\"widget\" data-widget_type=\"heading.default\">\n\t\t\t\t\t<h2 class=\"elementor-heading-title elementor-size-default\"><a href=\"tel:0472651329\u200b\">0472 65 13 29<\/a><\/h2>\t\t\t\t<\/div>\n\t\t\t\t<div class=\"elementor-element elementor-element-7c6bd86e elementor-widget elementor-widget-heading\" data-id=\"7c6bd86e\" data-element_type=\"widget\" data-widget_type=\"heading.default\">\n\t\t\t\t\t<h2 class=\"elementor-heading-title elementor-size-default\"><a href=\"mailto:info@valdelimmo.be\">info@valdelimmo.be<\/a><\/h2>\t\t\t\t<\/div>\n\t\t\t\t\t<\/div>\n\t\t\t\t<\/div>\n\t\t<div class=\"elementor-element elementor-element-546e3a7c e-flex e-con-boxed e-con e-child\" data-id=\"546e3a7c\" data-element_type=\"container\">\n\t\t\t\t\t<div class=\"e-con-inner\">\n\t\t\t\t<div class=\"elementor-element elementor-element-74fb1ce2 elementor-widget elementor-widget-image\" data-id=\"74fb1ce2\" data-element_type=\"widget\" data-widget_type=\"image.default\">\n\t\t\t\t\t\t\t\t\t\t\t\t\t\t\t\t<a href=\"https:\/\/latouretpetit.be\/\" target=\"_blank\">\n\t\t\t\t\t\t\t<img decoding=\"async\" src=\"https:\/\/terrasses-amitie.be\/wp-content\/uploads\/2026\/02\/Latour-et-petit.jpg\" title=\"Latour et petit\" alt=\"Latour et petit\" loading=\"lazy\" \/>\t\t\t\t\t\t\t\t<\/a>\n\t\t\t\t\t\t\t\t\t\t\t\t\t\t\t<\/div>\n\t\t\t\t<div class=\"elementor-element elementor-element-1d5ea436 elementor-widget elementor-widget-heading\" data-id=\"1d5ea436\" data-element_type=\"widget\" data-widget_type=\"heading.default\">\n\t\t\t\t\t<h2 class=\"elementor-heading-title elementor-size-default\"><a href=\"tel:0475630394\">0475 63 03 94<\/a><\/h2>\t\t\t\t<\/div>\n\t\t\t\t<div class=\"elementor-element elementor-element-476ce6af elementor-widget elementor-widget-heading\" data-id=\"476ce6af\" data-element_type=\"widget\" data-widget_type=\"heading.default\">\n\t\t\t\t\t<h2 class=\"elementor-heading-title elementor-size-default\"><a href=\"mailto:info@latouretpetit.be\">info@latouretpetit.be<\/a><\/h2>\t\t\t\t<\/div>\n\t\t\t\t\t<\/div>\n\t\t\t\t<\/div>\n\t\t\t\t\t<\/div>\n\t\t\t\t<\/div>\n\t\t\t\t<\/div>\n\t\t","protected":false},"excerpt":{"rendered":"<p>Appartement 2 chambres avec balcon L&#8217;Appartement (\u00c9tage +2) : Un Cocon de Lumi\u00e8re et de Calme Id\u00e9al comme retraite urbaine sophistiqu\u00e9e ou comme pied-\u00e0-terre de prestige, cet appartement de 81 m\u00b2 au deuxi\u00e8me \u00e9tage est un mod\u00e8le d&#8217;optimisation de l&#8217;espace et de la lumi\u00e8re. Le plan a \u00e9t\u00e9 pens\u00e9 pour offrir une fluidit\u00e9 parfaite entre [&hellip;]<\/p>\n","protected":false},"author":1,"featured_media":0,"parent":0,"menu_order":0,"comment_status":"closed","ping_status":"closed","template":"","meta":{"_et_pb_use_builder":"off","_et_pb_old_content":"","_et_gb_content_width":"","footnotes":""},"class_list":["post-210893","page","type-page","status-publish","hentry"],"_links":{"self":[{"href":"https:\/\/terrasses-amitie.be\/index.php\/wp-json\/wp\/v2\/pages\/210893","targetHints":{"allow":["GET"]}}],"collection":[{"href":"https:\/\/terrasses-amitie.be\/index.php\/wp-json\/wp\/v2\/pages"}],"about":[{"href":"https:\/\/terrasses-amitie.be\/index.php\/wp-json\/wp\/v2\/types\/page"}],"author":[{"embeddable":true,"href":"https:\/\/terrasses-amitie.be\/index.php\/wp-json\/wp\/v2\/users\/1"}],"replies":[{"embeddable":true,"href":"https:\/\/terrasses-amitie.be\/index.php\/wp-json\/wp\/v2\/comments?post=210893"}],"version-history":[{"count":26,"href":"https:\/\/terrasses-amitie.be\/index.php\/wp-json\/wp\/v2\/pages\/210893\/revisions"}],"predecessor-version":[{"id":210929,"href":"https:\/\/terrasses-amitie.be\/index.php\/wp-json\/wp\/v2\/pages\/210893\/revisions\/210929"}],"wp:attachment":[{"href":"https:\/\/terrasses-amitie.be\/index.php\/wp-json\/wp\/v2\/media?parent=210893"}],"curies":[{"name":"wp","href":"https:\/\/api.w.org\/{rel}","templated":true}]}}